c - 2*k = 1344, -5*k = -4*c - 4*k + 1342. Let y(i) = i - 85. Let j be y(-29). Let w = c + j. Is w a prime number?
False
Is (-11)/(110/4)*2910/(-4) prime?
False
Let g be (3 - 4)*(4 + -1)*-2. Let r = g + -19. Let b(j) = -10*j + 11. Is b(r) prime?
False
Suppose -1846 = -3*y + y - 4*l, -4*y + l + 3656 = 0. Suppose 0 = 4*s + 1089 + 1391. Let o = y + s. Is o a composite number?
True
Let x be 0*(-10)/(-70) - -23*3517. Let k = x + -54448. Is k prime?
False
Is 7/63*9*(-9)/18*-306310 prime?
False
Let j(o) = 10*o**2 - 20*o - 9. Let s be j(-17). Let l(d) = -d**3 + 5*d**2 + 6*d + 4. Let z be l(6). Suppose 0 = z*r + 553 - s. Is r a prime number?
False
Let y be (1 - 1) + 9 - (-2)/(-1). Suppose 10 = 2*f - y*f. Let i(s) = -114*s**3 + s**2 + 7*s + 5. Is i(f) composite?
False
Let h = 5584 - -588. Let v = -3393 + h. Is v a composite number?
True
Is ((-189885)/300*-10)/(1/2) prime?
True
Suppose -40*p = 1098552 - 6820672. Is p a composite number?
False
Suppose -4*t + 20912 = 3*g - 5*g, 3*t + g - 15679 = 0. Suppose -7*k + t = -6*k. Is k prime?
True
Let n = -9 + 7. Let h be 16 - (n/7 + 54/42). Is -3*((-395)/h)/(3/3) a prime number?
True
Let y be (1*-6 + 1)*-1. Let m be 20/(-5) + -3 + 1542. Suppose -y*s = q - m, 4*q = -q. Is s composite?
False
Suppose -5*w = -3*y + 1 - 11, y = -5*w + 30. Let m = y - 1. Let v(z) = 12*z**3 - 1. Is v(m) a composite number?
True
Suppose 0 = 26*i - 28*i - 4382. Let g = i - -3590. Is g prime?
True
Suppose 5*x = -2*o + o + 78, -2*o = -x + 9. Let b(t) = -3*t + 0*t - 6*t + 35 + 11*t. Is b(x) prime?
False
Is ((-1273466)/(-444))/((-2)/(-12)) composite?
False
Suppose 4 = 5*m + 2*w, -2*m - 4*w - 4 - 4 = 0. Let x be 4 + 774 + 2 - m. Suppose -2*g + 341 = 3*y - 437, -2*y - x = -2*g. Is g a prime number?
True
Let v be -40*(-1)/3*10143/(-92). Let h = 5249 + v. Is h composite?
False
Let d = -42136 + 76228. Suppose -4*w = 3*c - d, -3*w - c = 2*c - 25566. Let v = w + -5459. Is v composite?
False
Let g(w) = 310*w**2 + 15*w - 7. Let v be g(8). Suppose 40*i = 5*a + 36*i - v, 4*i = -a + 3981. Is a composite?
False
Suppose -8*f - 189917 = -3*g - 6*f, -5*f = -g + 63323. Is g a composite number?
True
Let y = 3263 + -852. Suppose 9*a - 5*w + y = 12*a, -8 = -2*w. Is a a prime number?
True
Let q(g) = -g**3 + g + 1. Let i(s) = -10*s**3 + 2*s**2 - 20*s + 5. Let n(v) = -i(v) + 4*q(v). Is n(7) prime?
False
Let r = -363 + 365. Suppose 0 = -4*a - r*i + 12660, -3*a + 5*a + 5*i - 6346 = 0. Is a composite?
False
Suppose 17*z = 8*z - 72. Let r(t) = t**3 + 11*t**2 + 9*t + 3. Let i be r(z). Let y = 376 + i. Is y a prime number?
True
Suppose -9*o - 500 = 319. Let h = o + 93. Suppose -2 = -w, 6 = -3*n - h*w + 163. Is n prime?
False
Suppose -172*n + 559*n = 27831879. Is n prime?
True
Suppose 937*x + 779780 = 957*x. Is x prime?
False
Suppose 787*u - 2*l - 1042183 = 784*u, 0 = -8*u - l + 2779104. Is u a composite number?
True
Suppose 3*c + 10*s - 11*s = 5326, c - 1802 = -5*s. Is c a prime number?
True
Let r be (1 + -1)*(-9 - -10)/1. Suppose 4*o - 13087 = -r*o + s, 5*o - 16361 = 2*s. Is o composite?
False
Let i(k) = 20*k - 169. Let u be i(35). Suppose -6*a = -2991 - u. Is a prime?
True
Suppose 0 = 76915*j - 76965*j + 7943050. Is j a prime number?
False
Let r(j) = -282*j**2 + 7*j + 11. Let b be (-28)/(-4) + 5 + -6. Let h(l) = -283*l**2 + 8*l + 12. Let k(p) = b*h(p) - 7*r(p). Is k(-2) prime?
False
Let c(r) = 3*r**2 + 2*r - 25. Let h be c(5). Let i be 264/h + 4/(-10). Suppose 0*y + i*b + 1586 = 2*y, -y + 775 = 4*b. Is y a composite number?
False
Let w(a) = 332*a**2 - 265*a + 185. Is w(26) composite?
False
Let v(z) = z**3 - 60*z**2 - 6*z - 539. Is v(64) a composite number?
False
Let h(c) = 175*c**2 - 5*c - 257. Is h(-19) composite?
True
Suppose -3*t + 181255 = 5*j, -j + 30*t + 36251 = 32*t. Is j composite?
False
Let v = -20 + 25. Suppose -v*m + 3*r = -2*r - 5, 2*r + 4 = 3*m. Suppose 3*p + 2*z = 2*p + 989, m*p + z = 1972. Is p composite?
True
Let y be 20/25*(1539/2 + -2). Suppose 0 = 4*d - 2*z - 2520, -y - 1920 = -4*d - 5*z. Is d a composite number?
False
Let l(t) = -142*t - 11. Let h(u) = -u + 5. Let f be h(4). Suppose r + g = f, -4*r + 0*g + g = 21. Is l(r) prime?
True
Suppose 4*f - 21 = -5. Suppose -a + o = -664, -1742 = -f*a + o + 923. Let r = a - 302. Is r composite?
True
Let x(s) be the third derivative of 19*s**5/60 - s**4/3 - 35*s**3/2 + 17*s**2. Is x(16) composite?
True
Let b be 2 - (-12)/(-5) - (-2622)/230. Let d(q) = 17*q**3 - 2*q + 1. Let o be d(1). Suppose o*t - b*t = 4895. Is t composite?
True
Let p(a) = 5*a**2 - 29*a - 12. Let b be p(22). Suppose b = 19*m - 2771. Is m prime?
True
Let b be -699*206/(-8) - 16/64. Suppose 15155 = 22*x - b. Is x composite?
True
Is 83649 - ((-142)/36 - (-118)/(-2124)) a prime number?
True
Let m = 555 + -556. Is m/2*(55/(-5) + -3683) composite?
False
Let i(r) = 431*r + 5. Suppose -16*x + 2 = -14*x. Let n be i(x). Suppose -n + 1223 = c. Is c a prime number?
True
Let r(s) = s**2 - s - 7. Let z be r(-2). Is (z - 2 - -2)/(16/(-6032)) composite?
True
Let y be ((-36)/(-81))/(7/63). Let t(d) = 13 + 30*d**2 - 2*d - 4*d**2 + 23*d**2. Is t(y) a prime number?
False
Let q(n) = 5*n**2 - 11*n**2 - 2 - 12*n - 925*n**3 - 269*n**3 + 11 + 155*n**3. Is q(-4) a composite number?
False
Let l(h) = -490*h + 23. Suppose -3 = -v + w, 0*w - w - 2 = 0. Let q be (v - 0) + -3 - 3. Is l(q) a prime number?
True
Is (27 - 30)*-101531*(-2)/(-6) prime?
True
Let y(x) = -528*x**3 + 3*x**2 - 4*x + 2. Suppose 0 = 7*u - 11*u + 8. Let n be y(u). Let z = n + 6841. Is z a composite number?
True
Suppose -234*w - 5548645 = -133*w - 210*w. Is w composite?
True
Let r = -187 - -164. Is 48/r + 2 + 1188113/1081 a composite number?
True
Let q = 29661 + 137498. Is q composite?
False
Let c = -77185 - -137584. Suppose c = -30*w + 39*w. Is w composite?
True
Let a = 20315 - -34758. Is a composite?
False
Suppose -44*s + 106 = -114. Suppose -x - s*j + 4769 = 0, 22 = -4*j + 30. Is x a composite number?
False
Suppose 26*a = 2627228 + 489678. Suppose 43026 = -19*c + a. Is c composite?
True
Let p = 329 - 327. Suppose 3*g - g - 4*l - 9510 = 0, -2*g = -p*l - 9514. Is g composite?
False
Let u be -2 - (-12)/((-16)/(-4)). Is (u/(-2) - 15/(-15))*3062 composite?
False
Let r(p) = -191*p + 14. Suppose -5*m = s + 70, m + 4*s = 4 + 1. Is r(m) composite?
False
Is 46/(-598) - 582636/(-26) composite?
False
Let n(h) = 154*h**2 - 30*h + 247. Is n(14) composite?
False
Suppose 0*m - 16 = -3*x - m, -4 = 2*x - 3*m. Suppose 18 = w - s - 4*s, x*w + 3*s - 3 = 0. Suppose 5*z - 409 = w*g + 301, 0 = -3*g - 15. Is z a composite number?
False
Suppose 2*s = 59*y - 57*y - 26196, 5*y + 4*s - 65445 = 0. Is y composite?
False
Suppose 2*u = g - 331693, -4*g + 3*u - u = -1326826. Is g a composite number?
False
Let s be 24/13 - 2/(-13) - -60. Suppose -75*d = -s*d - 27443. Is d prime?
True
Let m(y) = -y**2 + 16*y + 2. Let p be m(25). Let i = 4206 + p. Is i a prime number?
False
Suppose 27*j - 29*j = 0. Suppose -2*x = -3*f - 14321, j = 4*x - f + 3*f - 28666. Is x a composite number?
True
Let x be (-2)/(-9) - (168236/36 - 4). Let o = -2512 - x. Let a = o + 652. Is a prime?
False
Suppose t = -4*a + 4, 4*a + 1 = 3*a. Is 2/3*(1621/2 - t) a composite number?
True
Let d = -1054968 + 1734002. Is d a composite number?
True
Let o(a) = 8*a - 68. Let l be o(8). Is (-19644)/8*(l - -2) a prime number?
False
Let y be 7/2 - 2/4 - 3. Suppose y = 2*i + 4*k - 2510, 5*i - 4362 - 1935 = k. Is i a composite number?
False
Let n(h) be the first derivative of -55*h**3/3 + 15*h**2/2 - 11*h + 3. Let f(m) be the first derivative of n(m). Is f(-7) prime?
False
Let x(l) = 4001*l**3 - 2*l**2 - 6*l + 41. Is x(4) a composite number?
False
Let r(a) = -1878*a - 3481. Is r(-84) a composite number?
True
Suppose -4*d - 1105922 = -2*w, -5*d - 2764825 = -5*w + d. Is w a prime number?
True
Let o(h) = -11*h + 47. Let m be o(4). Suppose -m*s = 4*u - 755, -5*s - 19 = -4. Is u composite?
False
Suppose 0 = 119*o - 5928015 + 2098238. Is o composite?
False
Suppose v - 89151 = -j, -138*v + 137*v - 2*j = -89144. Is v a prime number?
False
Suppose 295*d = -18*d - 51*d + 469924. Is d a prime number?
True
Let w = -2048 - -1339. Suppose 0 = -5*j + 64 + 236. Let x = j - w. Is x a prime number?
True
Is 3 + 26/(-10) - (-1483315)/25 composite?
False
Suppose 4*j - 367626 = -2*s, 183808 = -4*j + 